undreds digit of 16026628?
6
What is the units digit of 215720601?
1
What is the hundred millions digit of 3850004186?
8
What is the ten thousands digit of 57294004?
9
What is the units digit of 165111468?
8
What is the ten millions digit of 275773417?
7
What is the ten millions digit of 36082532?
3
What is the ten thousands digit of 268687268?
8
What is the hundred millions digit of 967592613?
9
What is the hundreds digit of 816158483?
4
What is the ten millions digit of 677887398?
7
What is the thousands digit of 65864762?
4
What is the hundred thousands digit of 384357912?
3
What is the units digit of 1528493479?
9
What is the ten thousands digit of 468029463?
2
What is the units digit of 1023873678?
8
What is the hundreds digit of 31820433?
4
What is the millions digit of 1029461675?
9
What is the ten thousands digit of 1207005532?
0
What is the hundred thousands digit of 81504060?
5
What is the hundreds digit of 1518139327?
3
What is the thousands digit of 132828920?
8
What is the millions digit of 721753438?
1
What is the hundred millions digit of 760262201?
7
What is the thousands digit of 22747528?
7
What is the hundred thousands digit of 246181635?
1
What is the hundreds digit of 64731154?
1
What is the hundreds digit of 47945689?
6
What is the ten thousands digit of 24258624?
5
What is the ten thousands digit of 1008965042?
6
What is the thousands digit of 203342208?
2
What is the tens digit of 65534483?
8
What is the ten thousands digit of 123510202?
1
What is the millions digit of 3218931150?
8
What is the units digit of 77403044?
4
What is the ten thousands digit of 700050538?
5
What is the tens digit of 110323315?
1
What is the tens digit of 2512843765?
6
What is the billions digit of 1249450667?
1
What is the millions digit of 5823213582?
3
What is the units digit of 49543857?
7
What is the hundred thousands digit of 76072036?
0
What is the millions digit of 4793343?
4
What is the ten millions digit of 111048328?
1
What is the tens digit of 1819644845?
4
What is the thousands digit of 939728372?
8
What is the thousands digit of 708617402?
7
What is the tens digit of 66426590?
9
What is the billions digit of 1995581668?
1
What is the ten thousands digit of 9564598?
6
What is the hundred millions digit of 391400172?
3
What is the hundred thousands digit of 21160106?
1
What is the millions digit of 3004947436?
4
What is the hundred millions digit of 1130905184?
1
What is the hundreds digit of 32418219?
2
What is the units digit of 126439447?
7
What is the hundreds digit of 3773431416?
4
What is the ten millions digit of 988502532?
8
What is the tens digit of 108481839?
3
What is the hundreds digit of 123385061?
0
What is the units digit of 218175404?
4
What is the hundred millions digit of 373117275?
3
What is the ten millions digit of 377576806?
7
What is the hundreds digit of 673197770?
7
What is the millions digit of 182881146?
2
What is the ten thousands digit of 270666595?
6
What is the millions digit of 138700126?
8
What is the millions digit of 10692163?
0
What is the hundred thousands digit of 85998604?
9
What is the units digit of 18125827?
7
What is the thousands digit of 6003206267?
6
What is the ten thousands digit of 1433083781?
8
What is the hundred millions digit of 703442377?
7
What is the thousands digit of 2447754913?
4
What is the tens digit of 923325711?
1
What is the ten millions digit of 62746044?
6
What is the ten thousands digit of 291971568?
7
What is the units digit of 3642247?
7
What is the tens digit of 4260760?
6
What is the thousands digit of 431526195?
6
What is the hundred thousands digit of 2659895050?
8
What is the billions digit of 1106655514?
1
What is the units digit of 86708730?
0
What is the hundreds digit of 3003615404?
4
What is the millions digit of 504259905?
4
What is the hundreds digit of 112531944?
9
What is the units digit of 369849901?
1
What is the millions digit of 34764653?
4
What is the thousands digit of 135155064?
5
What is the tens digit of 1210433054?
5
What is the hundreds digit of 7476802190?
1
What is the hundreds digit of 643383991?
9
What is the tens digit of 661800678?
7
What is the units digit of 63880424?
4
What is the hundreds digit of 42998486?
4
What is the tens digit of 65385314?
1
What is the hundreds digit of 111953395?
3
What is the millions digit of 1587838032?
7
What is the hundred thousands digit of 40088519?
0
What is the hundred thousands digit of 5740352613?
3
What is the units digit of 72610719?
9
What is the hundreds digit of 135477363?
3
What is the ten millions digit of 129347765?
2
What is the ten thousands digit of 190587103?
8
What is the millions digit of 4562572?
4
What is the units digit of 203624574?
4
What is the billions digit of 1906059989?
1
What is the hundreds digit of 273839844?
8
What is the hundreds digit of 59106281?
2
What is the ten thousands digit of 168629827?
2
What is the hundreds digit of 915838116?
1
What is the hundred thousands digit of 1343065017?
0
What is the millions digit of 35673779?
5
What is the millions digit of 1282262149?
2
What is the ten millions digit of 648892300?
4
What is the millions digit of 301798890?
1
What is the hundred thousands digit of 144446498?
4
What is the thousands digit of 4106018?
6
What is the units digit of 147228209?
9
What is the ten thousands digit of 335623494?
2
What is the hundreds digit of 28360778?
7
What is the ten millions digit of 454452381?
5
What is the ten thousands digit of 517517468?
1
What is the hundred thousands digit of 26222886?
2
What is the hundred millions digit of 1533589313?
5
What is the units digit of 2544929368?
8
What is the hundred thousands digit of 181459522?
4
What is the hundred thousands digit of 746812345?
8
What is the hundred millions digit of 2351822206?
3
What is the hundred millions digit of 939033628?
9
What is the units digit of 12815429?
9
What is the thousands digit of 185233356?
3
What is the units digit of 535170881?
1
What is the ten thousands digit of 29517546?
1
What is the thousands digit of 3189844505?
4
What is the ten thousands digit of 10864094?
6
What is the units digit of 3761515831?
1
What is the units digit of 3361668025?
5
What is the units digit of 336365431?
1
What is the tens digit of 1332609818?
1
What is the millions digit of 1871898732?
1
What is the millions digit of 86342799?
6
What is the millions digit of 3182484362?
2
What is the millions digit of 56409995?
6
What is the hundreds digit of 1230447836?
8
What is the tens digit of 189483633?
3
What is the hundred thousands digit of 32128113?
1
What is the ten thousands digit of 103910324?
1
What is the hundreds digit of 658908205?
2
What is the units digit of 156786151?
1
What is the thousands digit of 1480646243?
6
What is the millions digit of 163418018?
3
What is the hundred thousands digit of 333133333?
1
What is the ten thousands digit of 43649430?
4
What is the ten millions digit of 70122826?
7
What is the millions digit of 13956306?
3
What is the thousands digit of 143905281?
5
What is the units digit of 120143857?
7
What is the ten millions digit of 663754816?
6
What is the hundreds digit of 9238649?
6
What is the ten millions digit of 5980837918?
8
What is the units digit of 540532034?
4
What is the hundred thousands digit of 5210938249?
9
What is the millions digit of 381190067?
1
What is the units digit of 87759200?
0
What is the tens digit of 160533514?
1
What is the hundreds digit of 490892470?
4
What is the tens digit of 664151125?
2
What is the thousands digit of 128396415?
6
What is the hundred thousands digit of 1946379036?
3
What is the millions digit of 100897864?
0
What is the units digit of 222034975?
5
What is the ten millions digit of 5662130209?
6
What is the thousands digit of 63221757?
1
What is the millions digit of 3988858651?
8
What is the hundred thousands digit of 66255333?
2
What is the hundred thousands digit of 41180770?
1
What is the millions digit of 221082115?
1
What is the tens digit of 1124483284?
8
What is the hundred millions digit of 323274505?
3
What is the hundreds digit of 4611534798?
7
What is the millions digit of 27403459?
7
What is the hundred millions digit of 846193404?
8
What is the hundred thousands digit of 28909348